{"id":168,"date":"2026-01-18T22:57:24","date_gmt":"2026-01-18T22:57:24","guid":{"rendered":"https:\/\/melisera.com.tr\/?page_id=168"},"modified":"2026-01-18T22:57:26","modified_gmt":"2026-01-18T22:57:26","slug":"gizlilik-politikasi","status":"publish","type":"page","link":"https:\/\/melisera.com.tr\/index.php\/gizlilik-politikasi\/","title":{"rendered":"Gizlilik Politikas\u0131"},"content":{"rendered":"\n<h3 class=\"wp-block-heading\">Biz Kimiz<\/h3>\n\n\n\n<p>Web sitemizin adresi: <strong><a href=\"https:\/\/melisera.com.tr\">https:\/\/melisera.com.tr<\/a><\/strong><\/p>\n\n\n\n<hr class=\"wp-block-separator has-alpha-channel-opacity\"\/>\n\n\n\n<h3 class=\"wp-block-heading\">Yorumlar<\/h3>\n\n\n\n<p>Ziyaret\u00e7iler sitede yorum b\u0131rakt\u0131\u011f\u0131nda, yorum formunda g\u00f6sterilen verileri; ayr\u0131ca istenmeyen (spam) yorumlar\u0131n tespitine yard\u0131mc\u0131 olmak amac\u0131yla ziyaret\u00e7inin IP adresini ve taray\u0131c\u0131 bilgilerini toplar\u0131z.<\/p>\n\n\n\n<p>E-posta adresinizden olu\u015fturulan anonimle\u015ftirilmi\u015f bir metin (hash), Gravatar hizmetini kullan\u0131p kullanmad\u0131\u011f\u0131n\u0131z\u0131 g\u00f6rmek amac\u0131yla Gravatar servisine g\u00f6nderilebilir. Gravatar hizmetinin gizlilik politikas\u0131 \u015fu adreste mevcuttur:<br><a href=\"https:\/\/automattic.com\/privacy\/\">https:\/\/automattic.com\/privacy\/<\/a><\/p>\n\n\n\n<p>Yorumunuz onayland\u0131ktan sonra, profil resminiz yorumunuzla birlikte herkese a\u00e7\u0131k olarak g\u00f6r\u00fcnt\u00fclenir.<\/p>\n\n\n\n<hr class=\"wp-block-separator has-alpha-channel-opacity\"\/>\n\n\n\n<h3 class=\"wp-block-heading\">Medya<\/h3>\n\n\n\n<p>Web sitesine g\u00f6rsel y\u00fckl\u00fcyorsan\u0131z, konum bilgisi (EXIF GPS) i\u00e7eren g\u00f6rselleri y\u00fcklemekten ka\u00e7\u0131nmal\u0131s\u0131n\u0131z. Web sitesindeki g\u00f6rseller ziyaret\u00e7iler taraf\u0131ndan indirilebilir ve bu g\u00f6rsellerden konum bilgileri \u00e7\u0131kar\u0131labilir.<\/p>\n\n\n\n<hr class=\"wp-block-separator has-alpha-channel-opacity\"\/>\n\n\n\n<h3 class=\"wp-block-heading\">\u00c7erezler<\/h3>\n\n\n\n<p>Sitemize bir yorum b\u0131rak\u0131rsan\u0131z, ad\u0131n\u0131z, e-posta adresiniz ve web site adresiniz \u00e7erezlere kaydedilebilir. Bu, daha sonraki yorumlar\u0131n\u0131zda bilgilerinizi tekrar girmenize gerek kalmamas\u0131 i\u00e7in yap\u0131l\u0131r. Bu \u00e7erezler <strong>1 y\u0131l<\/strong> s\u00fcreyle saklan\u0131r.<\/p>\n\n\n\n<p>Giri\u015f sayfam\u0131z\u0131 ziyaret etti\u011finizde, taray\u0131c\u0131n\u0131z\u0131n \u00e7erezleri kabul edip etmedi\u011fini anlamak i\u00e7in ge\u00e7ici bir \u00e7erez olu\u015fturulur. Bu \u00e7erez herhangi bir ki\u015fisel veri i\u00e7ermez ve taray\u0131c\u0131n\u0131z\u0131 kapatt\u0131\u011f\u0131n\u0131zda silinir.<\/p>\n\n\n\n<p>Giri\u015f yapt\u0131\u011f\u0131n\u0131zda, giri\u015f bilgilerinizi ve ekran tercihlerinizi kaydetmek i\u00e7in \u00e7e\u015fitli \u00e7erezler olu\u015fturulur:<\/p>\n\n\n\n<ul class=\"wp-block-list\">\n<li>Giri\u015f \u00e7erezleri <strong>2 g\u00fcn<\/strong> ge\u00e7erlidir<\/li>\n\n\n\n<li>Ekran ayarlar\u0131 \u00e7erezleri <strong>1 y\u0131l<\/strong> ge\u00e7erlidir<\/li>\n\n\n\n<li><strong>\u201cBeni Hat\u0131rla\u201d<\/strong> se\u00e7ene\u011fini i\u015faretlerseniz, giri\u015finiz <strong>2 hafta<\/strong> boyunca devam eder<\/li>\n<\/ul>\n\n\n\n<p>Hesab\u0131n\u0131zdan \u00e7\u0131k\u0131\u015f yapt\u0131\u011f\u0131n\u0131zda, giri\u015f \u00e7erezleri silinir.<\/p>\n\n\n\n<p>Bir yaz\u0131y\u0131 d\u00fczenler veya yay\u0131mlarsan\u0131z, taray\u0131c\u0131n\u0131za ek bir \u00e7erez kaydedilir. Bu \u00e7erez ki\u015fisel veri i\u00e7ermez; yaln\u0131zca d\u00fczenledi\u011finiz yaz\u0131n\u0131n kimlik numaras\u0131n\u0131 (ID) belirtir ve <strong>1 g\u00fcn<\/strong> sonra sona erer.<\/p>\n\n\n\n<hr class=\"wp-block-separator has-alpha-channel-opacity\"\/>\n\n\n\n<h3 class=\"wp-block-heading\">Di\u011fer Web Sitelerinden G\u00f6m\u00fcl\u00fc \u0130\u00e7erik<\/h3>\n\n\n\n<p>Bu sitedeki yaz\u0131lar; videolar, g\u00f6rseller veya yaz\u0131lar gibi g\u00f6m\u00fcl\u00fc i\u00e7erikler i\u00e7erebilir. G\u00f6m\u00fcl\u00fc i\u00e7erikler, ziyaret\u00e7inin ilgili web sitesini do\u011frudan ziyaret etmi\u015f gibi \u00e7al\u0131\u015f\u0131r.<\/p>\n\n\n\n<p>Bu web siteleri sizinle ilgili veri toplayabilir, \u00e7erezler kullanabilir, \u00fc\u00e7\u00fcnc\u00fc taraf izleme ara\u00e7lar\u0131 ekleyebilir ve e\u011fer o web sitesinde bir hesab\u0131n\u0131z varsa ve giri\u015f yapt\u0131ysan\u0131z, g\u00f6m\u00fcl\u00fc i\u00e7erikle etkile\u015fiminizi takip edebilir.<\/p>\n\n\n\n<hr class=\"wp-block-separator has-alpha-channel-opacity\"\/>\n\n\n\n<h3 class=\"wp-block-heading\">Verilerinizi Kimlerle Payla\u015f\u0131yoruz<\/h3>\n\n\n\n<p>\u015eifre s\u0131f\u0131rlama talebinde bulundu\u011funuzda, IP adresiniz s\u0131f\u0131rlama e-postas\u0131na eklenir.<\/p>\n\n\n\n<hr class=\"wp-block-separator has-alpha-channel-opacity\"\/>\n\n\n\n<h3 class=\"wp-block-heading\">Verilerinizi Ne Kadar S\u00fcreyle Sakl\u0131yoruz<\/h3>\n\n\n\n<p>Bir yorum b\u0131rak\u0131rsan\u0131z, yorum ve yorumla ilgili meta veriler s\u00fcresiz olarak saklan\u0131r. Bu, takip eden yorumlar\u0131n otomatik olarak tan\u0131nmas\u0131n\u0131 ve onaylanmas\u0131n\u0131 sa\u011flar.<\/p>\n\n\n\n<p>Web sitemize kay\u0131t olan kullan\u0131c\u0131lar i\u00e7in (varsa), kullan\u0131c\u0131 profilinde sa\u011flanan ki\u015fisel bilgiler saklan\u0131r.<\/p>\n\n\n\n<ul class=\"wp-block-list\">\n<li>T\u00fcm kullan\u0131c\u0131lar ki\u015fisel bilgilerini g\u00f6rebilir, d\u00fczenleyebilir veya silebilir<\/li>\n\n\n\n<li>Kullan\u0131c\u0131 ad\u0131 de\u011fi\u015ftirilemez<\/li>\n\n\n\n<li>Site y\u00f6neticileri de bu bilgilere eri\u015febilir ve d\u00fczenleyebilir<\/li>\n<\/ul>\n\n\n\n<hr class=\"wp-block-separator has-alpha-channel-opacity\"\/>\n\n\n\n<h3 class=\"wp-block-heading\">Verileriniz \u00dczerindeki Haklar\u0131n\u0131z<\/h3>\n\n\n\n<p>Bu sitede bir hesab\u0131n\u0131z varsa veya yorum b\u0131rakt\u0131ysan\u0131z, sizinle ilgili tuttu\u011fumuz ki\u015fisel verilerin bir kopyas\u0131n\u0131 talep edebilirsiniz.<\/p>\n\n\n\n<p>Ayr\u0131ca ki\u015fisel verilerinizin silinmesini de talep edebilirsiniz. Ancak bu talep; idari, hukuki veya g\u00fcvenlik ama\u00e7lar\u0131yla saklamak zorunda oldu\u011fumuz verileri kapsamaz.<\/p>\n\n\n\n<hr class=\"wp-block-separator has-alpha-channel-opacity\"\/>\n\n\n\n<h3 class=\"wp-block-heading\">Verileriniz Nereye G\u00f6nderilir<\/h3>\n\n\n\n<p>Ziyaret\u00e7i yorumlar\u0131, otomatik bir istenmeyen yorum (spam) tespit hizmeti arac\u0131l\u0131\u011f\u0131yla kontrol edilebilir.<\/p>\n\n\n\n<p><\/p>\n","protected":false},"excerpt":{"rendered":"<p>Biz Kimiz Web sitemizin adresi: https:\/\/melisera.com.tr Yorumlar Ziyaret\u00e7iler sitede yorum b\u0131rakt\u0131\u011f\u0131nda, yorum formunda g\u00f6sterilen verileri; ayr\u0131ca istenmeyen (spam) yorumlar\u0131n tespitine yard\u0131mc\u0131 olmak amac\u0131yla ziyaret\u00e7inin IP adresini ve taray\u0131c\u0131 bilgilerini toplar\u0131z. E-posta adresinizden olu\u015fturulan anonimle\u015ftirilmi\u015f bir metin (hash), Gravatar hizmetini kullan\u0131p kullanmad\u0131\u011f\u0131n\u0131z\u0131 g\u00f6rmek amac\u0131yla Gravatar servisine g\u00f6nderilebilir. Gravatar hizmetinin gizlilik politikas\u0131 \u015fu adreste mevcuttur:https:\/\/automattic.com\/privacy\/ Yorumunuz onayland\u0131ktan&#8230;<\/p>\n","protected":false},"author":1,"featured_media":0,"parent":0,"menu_order":0,"comment_status":"closed","ping_status":"open","template":"","meta":{"_kad_post_transparent":"","_kad_post_title":"","_kad_post_layout":"","_kad_post_sidebar_id":"","_kad_post_content_style":"","_kad_post_vertical_padding":"","_kad_post_feature":"","_kad_post_feature_position":"","_kad_post_header":false,"_kad_post_footer":false,"_kad_post_classname":"","footnotes":""},"class_list":["post-168","page","type-page","status-publish","hentry"],"jetpack_sharing_enabled":true,"_links":{"self":[{"href":"https:\/\/melisera.com.tr\/index.php\/wp-json\/wp\/v2\/pages\/168","targetHints":{"allow":["GET"]}}],"collection":[{"href":"https:\/\/melisera.com.tr\/index.php\/wp-json\/wp\/v2\/pages"}],"about":[{"href":"https:\/\/melisera.com.tr\/index.php\/wp-json\/wp\/v2\/types\/page"}],"author":[{"embeddable":true,"href":"https:\/\/melisera.com.tr\/index.php\/wp-json\/wp\/v2\/users\/1"}],"replies":[{"embeddable":true,"href":"https:\/\/melisera.com.tr\/index.php\/wp-json\/wp\/v2\/comments?post=168"}],"version-history":[{"count":1,"href":"https:\/\/melisera.com.tr\/index.php\/wp-json\/wp\/v2\/pages\/168\/revisions"}],"predecessor-version":[{"id":169,"href":"https:\/\/melisera.com.tr\/index.php\/wp-json\/wp\/v2\/pages\/168\/revisions\/169"}],"wp:attachment":[{"href":"https:\/\/melisera.com.tr\/index.php\/wp-json\/wp\/v2\/media?parent=168"}],"curies":[{"name":"wp","href":"https:\/\/api.w.org\/{rel}","templated":true}]}}